{"id":112,"date":"2024-02-22T05:50:00","date_gmt":"2024-02-22T05:50:00","guid":{"rendered":"https:\/\/biblioteca.guillermoalmenara.edu.pe\/?page_id=112"},"modified":"2024-02-22T05:56:34","modified_gmt":"2024-02-22T05:56:34","slug":"solicitar-registro","status":"publish","type":"page","link":"https:\/\/biblioteca.guillermoalmenara.edu.pe\/index.php\/solicitar-registro\/","title":{"rendered":"Solicitar registro"},"content":{"rendered":"<p>[et_pb_section fb_built=&#8221;1&#8243; theme_builder_area=&#8221;post_content&#8221; _builder_version=&#8221;4.24.0&#8243; _module_preset=&#8221;default&#8221;][et_pb_row _builder_version=&#8221;4.24.0&#8243; _module_preset=&#8221;default&#8221; theme_builder_area=&#8221;post_content&#8221;][et_pb_column _builder_version=&#8221;4.24.0&#8243; _module_preset=&#8221;default&#8221; type=&#8221;4_4&#8243; theme_builder_area=&#8221;post_content&#8221;][et_pb_text _builder_version=&#8221;4.24.0&#8243; _module_preset=&#8221;default&#8221; theme_builder_area=&#8221;post_content&#8221; hover_enabled=&#8221;0&#8243; sticky_enabled=&#8221;0&#8243; text_font=&#8221;||||||||&#8221; text_font_size=&#8221;16px&#8221; text_orientation=&#8221;justified&#8221;]<\/p>\n<h3>Estimados alumnos,<\/h3>\n<p>Para acceder al contenido de nuestra biblioteca virtual, les recordamos que es necesario registrarse con su correo corporativo institucional. Si a\u00fan no has completado tu registro o enfrentas dificultades, comun\u00edcate con nosotros a <a href=\"mailto:biblioteca@guillermoalmenara.edu.pe.\">biblioteca@guillermoalmenara.edu.pe. <\/a><\/p>\n<p>Agradecemos su colaboraci\u00f3n.<\/p>\n<p>[\/et_pb_text][\/et_pb_column][\/et_pb_row][\/et_pb_section]<\/p>\n","protected":false},"excerpt":{"rendered":"<p>Estimados alumnos, Para acceder al contenido de nuestra biblioteca virtual, les recordamos que es necesario registrarse con su correo corporativo institucional. Si a\u00fan no has completado tu registro o enfrentas dificultades, comun\u00edcate con nosotros a biblioteca@guillermoalmenara.edu.pe. Agradecemos su colaboraci\u00f3n.<\/p>\n","protected":false},"author":1,"featured_media":0,"parent":0,"menu_order":0,"comment_status":"closed","ping_status":"closed","template":"","meta":{"_et_pb_use_builder":"on","_et_pb_old_content":"","_et_gb_content_width":"","footnotes":""},"class_list":["post-112","page","type-page","status-publish","hentry"],"_links":{"self":[{"href":"https:\/\/biblioteca.guillermoalmenara.edu.pe\/index.php\/wp-json\/wp\/v2\/pages\/112","targetHints":{"allow":["GET"]}}],"collection":[{"href":"https:\/\/biblioteca.guillermoalmenara.edu.pe\/index.php\/wp-json\/wp\/v2\/pages"}],"about":[{"href":"https:\/\/biblioteca.guillermoalmenara.edu.pe\/index.php\/wp-json\/wp\/v2\/types\/page"}],"author":[{"embeddable":true,"href":"https:\/\/biblioteca.guillermoalmenara.edu.pe\/index.php\/wp-json\/wp\/v2\/users\/1"}],"replies":[{"embeddable":true,"href":"https:\/\/biblioteca.guillermoalmenara.edu.pe\/index.php\/wp-json\/wp\/v2\/comments?post=112"}],"version-history":[{"count":3,"href":"https:\/\/biblioteca.guillermoalmenara.edu.pe\/index.php\/wp-json\/wp\/v2\/pages\/112\/revisions"}],"predecessor-version":[{"id":115,"href":"https:\/\/biblioteca.guillermoalmenara.edu.pe\/index.php\/wp-json\/wp\/v2\/pages\/112\/revisions\/115"}],"wp:attachment":[{"href":"https:\/\/biblioteca.guillermoalmenara.edu.pe\/index.php\/wp-json\/wp\/v2\/media?parent=112"}],"curies":[{"name":"wp","href":"https:\/\/api.w.org\/{rel}","templated":true}]}}

<p>[et_pb_section fb_built=&#8221;1&#8243; theme_builder_area=&#8221;post_content&#8221; _builder_version=&#8221;4.24.0&#8243; _module_preset=&#8221;default&#8221;][et_pb_row _builder_version=&#8221;4.24.0&#8243; _module_preset=&#8221;default&#8221; theme_builder_area=&#8221;post_content&#8221;][et_pb_column _builder_version=&#8221;4.24.0&#8243; _module_preset=&#8221;default&#8221; type=&#8221;4_4&#8243; theme_builder_area=&#8221;post_content&#8221;][et_pb_text _builder_version=&#8221;4.24.0&#8243; _module_preset=&#8221;default&#8221; theme_builder_area=&#8221;post_content&#8221; hover_enabled=&#8221;0&#8243; sticky_enabled=&#8221;0&#8243; text_font=&#8221;||||||||&#8221; text_font_size=&#8221;16px&#8221; text_orientation=&#8221;justified&#8221;]</p>
<h3>Estimados alumnos,</h3>
<p>Para acceder al contenido de nuestra biblioteca virtual, les recordamos que es necesario registrarse con su correo corporativo institucional. Si aún no has completado tu registro o enfrentas dificultades, comunícate con nosotros a <a href="mailto:biblioteca@guillermoalmenara.edu.pe.">biblioteca@guillermoalmenara.edu.pe. </a></p>
<p>Agradecemos su colaboración.</p>
<p>[/et_pb_text][/et_pb_column][/et_pb_row][/et_pb_section]</p>

<p>Estimados alumnos, Para acceder al contenido de nuestra biblioteca virtual, les recordamos que es necesario registrarse con su correo corporativo institucional. Si aún no has completado tu registro o enfrentas dificultades, comunícate con nosotros a biblioteca@guillermoalmenara.edu.pe. Agradecemos su colaboración.</p>
